 8*v - 9. Let l(y) = -6*h(y) - t(y). Let m be l(-7). Suppose -m*w = -4*w. Let i(f) = -f + 5. Determine i(w).
5
Let d(p) be the third derivative of 1/120*p**6 - 12*p**2 + 1/12*p**5 - 1/6*p**3 - 1/12*p**4 + 0*p + 0. Determine d(-5).
9
Suppose 0 = -29*x + 36*x + 14. Let j(v) = -3*v**3 - 3*v - 3. Give j(x).
27
Let f(r) = -r**2 + 6*r + 6. Let g be f(6). Let p(y) = g*y - 5*y - 7 - 5 - 3. Give p(0).
-15
Let k = 589 + -584. Let t(h) = -h**2 + 3*h - 2. Calculate t(k).
-12
Let h(i) = -2*i + 3. Suppose 0 = 10*k + 30 - 0. Let x(s) = -s + 3. Let r(q) = k*x(q) + 2*h(q). Calculate r(-7).
4
Let d(y) = y - 18. Suppose 27*j = 23*j - 4*c + 36, -4*j + 3*c + 57 = 0. Give d(j).
-6
Let a(n) = -n**3 + 6*n**2 + n - 1. Suppose k + 170 = 5*l - 4*k, 2*l = k + 70. Suppose -5*q = 2*d - 22, l = -0*q + 4*q - 3*d. What is a(q)?
5
Let o be (-4)/(-12)*(-3 - (-1 - 2)). Let m(g) = -5 + o*g - g + 3. Determine m(-6).
4
Let r be -1 + -1 - (-4 + 2). Let c(g) be the second derivative of -g**4/12 + 7*g**2 - 127*g. Give c(r).
14
Let w = 37 + -39. Let c be 2 - (4 - 3) - w. Suppose x - 6*x = -i + 9, -c*i = -4*x - 5. Let m(y) = -5*y**3 - 2*y - 1. Calculate m(i).
6
Let a(y) = -y**3 - 6*y + 7. Let i = -1401 - -1403. Give a(i).
-13
Let g(f) = 10*f + 34. Let c(v) = 4*v + 16. Let a(n) = 7*c(n) - 3*g(n). Give a(8).
-6
Suppose 0 = -154*l + 163*l. Let r(u) be the third derivative of 0*u + 14*u**2 - 1/24*u**4 + 1/3*u**3 + l. Determine r(3).
-1
Let w(j) = j**3 - 7*j**2 + 5*j. Suppose 2*p - i + 6 = 4*p, -16 = -2*p + 4*i. Give w(p).
-28
Let r(w) = -w**3 - 8*w**2 + 2*w + 9. Suppose 35*c = 43*c + 64. What is r(c)?
-7
Suppose -1 = 3*q - 4*v - 44, -v - 1 = 0. Suppose -r = -s - 3, -4*r + q - 1 = -s. Let l(c) = c**r + 2*c**3 - c**3 - c**2. Calculate l(1).
1
Let l = 89 + -92. Let s be (6 - 1) + (-2 - l). Let m(u) = u**3 - 6*u**2 - 2*u - 6. What is m(s)?
-18
Let b(t) = 2*t. Let x be b(8). Let g(i) = i + 10 - x + 9. Give g(3).
6
Suppose -4*x + 7 + 1 = 0. Let p(t) = -3 - 4 + x + 2*t**2 + 4. Let s = 89 - 91. What is p(s)?
7
Let p(b) be the second derivative of b**6/120 + b**5/15 - b**4/6 + 5*b**3/6 + 3*b**2 + 10*b. Let q(x) be the first derivative of p(x). Give q(-5).
0
Let j(p) = 3*p - 11. Let n be j(5). Suppose -5*t - 29 = -n*l - 0*t, 5*t + 5 = 0. Let g(u) = 3 + 4*u - 3*u + 1 - l. Calculate g(5).
3
Let r be 84/(-12) - 2/((-4)/10). Let o(l) = 4*l - 1. Give o(r).
-9
Let v(a) = -9 - 2*a - 5 + 6*a + 5. Give v(7).
19
Let b(t) = -16*t + 5. Let j(h) = -3*h - 1. Let l(k) = -b(k) + 4*j(k). What is l(6)?
15
Let v(s) = 2*s + 7. Let g be v(-7). Let r = 2 + g. Let w(b) = b**3 + 6*b**2 + 6*b - 2. Give w(r).
-7
Suppose 0 = -i + 5*w - 19, -5*i - 47 = -5*w - 12. Let h be (-3)/i + (-18)/24. Let c(j) = 5*j + 4 + h - 4*j. What is c(4)?
8
Let d(t) be the first derivative of t**2/2 + 8*t - 7. Let y be (-1)/((2/(-18))/(2/(-3))). Calculate d(y).
2
Let m(d) = 4*d**2 + 9*d - 16. Let h(v) = v**2 + 2*v - 3. Let u(y) = -11*h(y) + 2*m(y). Let j(p) = -p**3 - 4*p**2 - 4*p - 3. Let k be j(-2). Give u(k).
-14
Let y(r) = -3*r**2 + 7. Let n(v) = 6*v**2 - 15. Let t(c) = 4*n(c) + 9*y(c). Let a(w) = 3*w - 48. Let s be a(17). What is t(s)?
-24
Let i(q) = 100*q + 796. Let k be i(-8). Let o(x) = x**2 + 8*x + 6. Give o(k).
-10
Let q(o) = -o**2 + 4*o - 4. Let c be q(3). Let d(l) = -2*l + 2. Let r(n) = -5*n + 5. Let g(v) = 3*d(v) - r(v). What is g(c)?
2
Let y(a) = a**2 - a + 3. Let r = 71 - 68. What is y(r)?
9
Let v = -36 + 48. Let i(l) = -6*l**2 - 12 - 5*l + v + 5*l**2. Determine i(-5).
0
Let f(y) be the second derivative of y**4/6 + 2*y**3/3 - 3*y**2/2 - 6*y. Suppose 13 = 5*l + 33. Give f(l).
13
Let k be 2*7/(-2)*(-6)/14. Suppose 2 = -k*n + 2. Let y(b) = -b**3 - b**2 - 2. Determine y(n).
-2
Let q(i) be the second derivative of -i**5/20 - 3*i**4/4 - 5*i**3/3 - i**2 - 1410*i. Suppose 4 = -0*j + 4*j, 5*w = 4*j - 44. Determine q(w).
14
Let h(f) be the third derivative of f**6/120 + 2*f**5/15 + 5*f**4/24 - 4*f**3/3 + 102*f**2. What is h(-6)?
34
Let x be 10 + (-88)/(-11) + (-2 - -2). Let h(r) = r**2 - 20*r + 31. Calculate h(x).
-5
Let y(s) = s**2 + 4 + 0*s**2 - 2*s + s + 0*s**2. Let v = -1 + 4. Suppose 2*r = v*z - 15, 5*z - 16 - 9 = -5*r. Give y(r).
4
Let q(k) = k**2 - k. Let u(t) = t. Let d be u(4). Let i(w) = -w**3 + 7*w**2. Let b be i(7). Suppose 3*g - 8 - d = b. Calculate q(g).
12
Let q = -8 - -11. Let s(d) = -d**3 - d**2 + 3*d - 1. Let c be s(q). Let y = 21 + c. Let z(u) = 2*u + 10. Calculate z(y).
-4
Let t = -6 + 4. Let k(a) = -21*a + 26*a - 2*a. Determine k(t).
-6
Let k(s) be the second derivative of 37*s + 0 + 1/12*s**4 + 3/2*s**2 + 2/3*s**3. Determine k(-2).
-1
Let d(q) = -3*q**3 + q**2 - 5*q + 1. Let l(v) = v**3 + 10 - v**2 + 2 + 3*v - 12. Let x(w) = 2*d(w) + 5*l(w). Give x(-4).
-2
Suppose 9*w - 2 = 8*w. Suppose w*x = 1 + 3. Let g(d) = x - 2*d - 3 - 1. Give g(2).
-6
Let g(k) = k**2 + 4*k + 3. Let j(h) = h - 8. Let d be j(9). Suppose -5*v + 39 + d = 0. Suppose b + v = -c, 4 = -4*c + b + 2*b. Give g(c).
3
Let b(z) = -z**3 + 7*z**2 + 8*z + 4. Let o be (679/(-42) + (-2)/(-12))/(-2). Give b(o).
4
Let r(a) = 2*a**2 + 11*a - 27. Let o(j) = j**2 + 4*j - 10. Let m(k) = -11*o(k) + 4*r(k). Let t(z) = z - 1. Let s be t(-4). Let c = 3 + s. What is m(c)?
-10
Let d(u) = u**2 + 4*u - 6. Let f(z) = 5*z + 6*z + 6 + 3*z**2 - 3 - 4*z. Let q be f(-4). Let m = q + -28. Give d(m).
-1
Let y(j) be the first derivative of -j**3/3 - 4*j**2 - j + 576. Calculate y(-6).
11
Let l(z) = -z**2 + 1. Let w(n) = -6*n**2 - n + 5. Let b(y) = 4*y - 17. Let h be b(4). Let f(k) = h*w(k) + 5*l(k). Calculate f(-1).
0
Suppose -3*f = -3*j + 15, 3*j + 4 + 5 = -3*f. Let v(y) = -y**3 - 3*y**2 - 2. Let s(n) = -n + 1. Let b(a) = s(a) - v(a). Determine b(f).
-9
Let l(u) = -6 - 6 + 8*u - 9 - 14 + 30. Calculate l(2).
11
Suppose -22 = 4*s + 26. Let j = -18 - s. Let x(q) = q**3 - q**2 + 1. Let v(u) = -5*u**3 + 11*u**2 - 4*u + 1. Let c(t) = -v(t) - 6*x(t). What is c(j)?
5
Let c be -7*(1*2 - 1). Let t(b) be the second derivative of -2*b**2 - 1/6*b**3 + 12*b + 0. Determine t(c).
3
Let l(n) = n**3 - 5*n**2 - 6*n + 9. Let y(t) = -5*t - 6. Let q be y(-2). Let f(m) = -m**2 + 4*m + 6. Let s be f(q). What is l(s)?
9
Let r(d) = -d**2 - 1 + 3*d + 0*d**2 - d**3 - 5*d. Let z(n) = 4*n**2 - 12*n - 1. Let v be z(0). Give r(v).
1
Let g(h) = -h**3 + 2*h**2 + 6*h - 1. Let t = -31 + 20. Let x = 26 + t. Suppose -3 = 3*c - x. Determine g(c).
-9
Let r(n) = -2581*n**2 + 5156*n**2 + n**3 - 3 - 2574*n**2. Determine r(0).
-3
Suppose -5*g = 0, 56 = 21*p - 17*p + 5*g. Let s(l) = -l**2 + 16*l - 12. Give s(p).
16
Let f(b) = 6*b**2 - 3*b + 2. Let m(l) = -14*l**2 + 4*l - 6. Let n(s) = 5*f(s) + 2*m(s). Calculate n(5).
13
Let p(o) = -444 - 438 + 880 - 7*o + o**2. Calculate p(-5).
58
Suppose -4*s = -8*s + 12. Let u = 16 + -10. Let w(z) = 4*z - 1 - z**3 - z**2 + 2*z**3 - u*z. Determine w(s).
11
Let s(r) = -r**2 + 18*r + 67. Let v be s(20). Let b = v - 20. Let a(c) = -c**2 + 7*c - 9. Give a(b).
-9
Let f be (-4)/6 - 16/(-6). Let o(s) = -2*s - 6*s + 6 + f*s + s**2 - s. Let y(h) = h**2 - 11*h + 4. Let p be y(11). Determine o(p).
-6
Let q(l) = -2*l**3 - 37*l**2 + 20*l + 16. Let m = 547 + -566. Calculate q(m).
-3
Let c(t) = -7*t**2 - 5*t + 38. Let u(o) = -6*o**2 - 6*o + 37. Let b(p) = -5*c(p) + 6*u(p). Give b(-13).
6
Let v(k) be the first derivative of k**4/4 - 22*k**3/3 + 21*k**2/2 + 2*k + 285. Calculate v(21).
2
Let l = 201 + -195. Let r(u) = -5*u**2 - 9 + 4*u**2 + 0*u**2 + 6*u. What is r(l)?
-9
Let y(c) = 3*c + 15. Let w(f) be the third derivative of f**4/24 + 5*f**3/6 - 16*f**2. Let a(l) = 8*w(l) - 3*y(l). Let k be ((-3)/2)/(1/2). What is a(k)?
-2
Let a(r) = 5*r**2 - 4*r**2 + 1531 - 8*r - r - 1529. Give a(9).
2
Let x(p) = -2*p**2 + 5*p - 1. Let s(k) = k**2 + 16*k - 12. Let l(q) = s(q) + x(q). Calculate l(20).
7
Let w be 8*-1 - (-6402)/792. Let p(o) be the third derivative of o**3 + 0 + 0*o - 4*o**2 + w*o**4. Calculate p(-7).
-8
Let u(q) be the second derivative of q**5/20 + q**4/3 - q**3/6 + 3*q**2/2 - 227*q. What is u(-3)?
15
Let r(i) = -8*i**3 + i - 1. Suppose 1 = -5*w + 2*h, -24*w + 5*h - 13 = -22*w. Give r(w).
-8
Let l(m) = 13*m. Let u be (4/14)/(40/(-140)). Calculate l(u).
-13
Suppose -10*h - h = 11. Let v(q) = -q**3 + 9*q**2 - 7. Let p(i) = -i**3 + 14*i**2 - 11. Let d(l) = -5*p(l) + 8*v(l). What is d(h)?
4
Let c be 3/(-9) - (0 - (